-41155
In base 7, what is 14 + 1424?
1441
In base 15, what is -20d7 + -33?
-211a
In base 3, what is -120100120 - -100?
-120100020
In base 11, what is 309a + -12?
3088
In base 9, what is -5 + -15627?
-15633
In base 13, what is -1 + 116a?
1169
In base 16, what is 1 - -322c?
322d
In base 12, what is -1801 - 4?
-1805
In base 11, what is -4 + 13138?
13134
In base 6, what is -1 - 54504?
-54505
In base 8, what is -151705 + 7?
-151676
In base 14, what is 21b8 + 53d?
2717
In base 12, what is -11b93 + 1?
-11b92
In base 16, what is -78f16 - 4?
-78f1a
In base 15, what is 4 - ad60d?
-ad609
In base 12, what is -414a + ab?
-405b
In base 2, what is 1100110001101110 + -1000?
1100110001100110
In base 14, what is 462d - -3?
4632
In base 5, what is 22021100 - 13?
22021032
In base 8, what is -2 + 37434?
37432
In base 2, what is 101 + -101111111000101000010?
-101111111000100111101
In base 2, what is 111000001110 + 11010001?
111011011111
In base 10, what is 0 - -42834?
42834
In base 12, what is -b930 - 0?
-b930
In base 10, what is -1419876 + 5?
-1419871
In base 6, what is -14 + -2303?
-2321
In base 11, what is 6439 + -5?
6434
In base 14, what is 1 - d1a?
-d19
In base 13, what is 74380 + 4?
74384
In base 3, what is -1001 + 2012221?
2011220
In base 11, what is -4 + 30007?
30003
In base 13, what is 5 - 715a?
-7155
In base 16, what is -1b608 - -1f?
-1b5e9
In base 3, what is 12110201102 - -11?
12110201120
In base 5, what is -1033100 + 4?
-1033041
In base 14, what is -b9a5 + -6?
-b9ab
In base 15, what is -b9 - -291?
1c7
In base 4, what is 13013011 - 1?
13013010
In base 16, what is -d0d - 69?
-d76
In base 5, what is -33 - -30432?
30344
In base 5, what is 0 - 414321?
-414321
In base 12, what is b07aa - 5?
b07a5
In base 8, what is 13 - 1123?
-1110
In base 5, what is -104400343 + 2?
-104400341
In base 14, what is a0d76 + -3?
a0d73
In base 3, what is -1102222 + -1112102?
-2222101
In base 2, what is 1101000 - -101101100?
111010100
In base 10, what is 1056 + 195?
1251
In base 3, what is 111 + -110?
1
In base 11, what is 10601 + 4?
10605
In base 16, what is 11dda - 0?
11dda
In base 6, what is 3 - 53531?
-53524
In base 4, what is 103 - 10230221?
-10230112
In base 7, what is 26335 - 0?
26335
In base 11, what is 52 + -236?
-194
In base 14, what is c3 - 4?
bd
In base 14, what is 5 + -c324?
-c31d
In base 4, what is 1123 + 3101?
10230
In base 9, what is -23 + 3274?
3251
In base 11, what is 11 - -23387?
23398
In base 9, what is -527 - 6206?
-6734
In base 6, what is 1 - 443?
-442
In base 13, what is -93 - -440?
37a
In base 4, what is 30 - 10313311?
-10313221
In base 11, what is 3 - 8672?
-866a
In base 16, what is -6 - 6b1?
-6b7
In base 13, what is 25a + -68?
1c2
In base 10, what is -373 + -27?
-400
In base 10, what is -1994 + -650?
-2644
In base 2, what is -10001 + 10000101110?
10000011101
In base 2, what is 1011 - 100001111110100101?
-100001111110011010
In base 4, what is -2 - 101333011?
-101333013
In base 4, what is 113020 - 211?
112203
In base 14, what is -169c + -32?
-16d0
In base 15, what is -76d73 + 1?
-76d72
In base 2, what is -110101 + -110110111?
-111101100
In base 2, what is 10011011011 + -1101?
10011001110
In base 12, what is -1 - 81?
-82
In base 12, what is b593 + -64?
b52b
In base 4, what is -11 + 1012322000?
1012321323
In base 4, what is 200 + 12002131?
12002331
In base 13, what is 189 - 12b?
5b
In base 13, what is 2 + 7959?
795b
In base 14, what is 1 + -6050?
-604d
In base 7, what is -504100 + 5?
-504062
In base 8, what is 2 - -152037?
152041
In base 7, what is 141050 - 20?
141030
In base 10, what is 27 - 2322?
-2295
In base 13, what is -23b8 + -82?
-246a
In base 10, what is 5 - 3369?
-3364
In base 8, what is 14 + -6716?
-6702
In base 8, what is 1714 + 11?
1725
In base 12, what is -2 - -2020?
201a
In base 10, what is -1716 - 8?
-1724
In base 13, what is 2b89 - -1?
2b8a
In base 12, what is -1 - 46123?
-46124
In base 8, what is 5 + 264533?
264540
In base 8, what is -126016 - 1?
-126017
In base 12, what is 8 - -1296?
12a2
In base 11, what is 1 + 27?
28
In base 10, what is -104375 - -3?
-104372
In base 14, what is -194a - -8a?
-18a0
In base 5, what is 2 + -221044?
-221042
In base 6, what is -530 + -14201?
-15131
In base 3, what is -111020022112 + 101?
-111020022011
In base 11, what is -3449 - -31?
-3418
In base 5, what is 4 + 3043440?
3043444
In base 2, what is -111 - 110001010101?
-110001011100
In base 9, what is -424 + -65?
-500
In base 5, what is 10 + 101231?
101241
In base 2, what is 111011111 + 1100111?
1001000110
In base 4, what is -132 + 3010033?
3003301
In base 7, what is -3 + 124662?
124656
In base 10, what is 337624 + -5?
337619
In base 9, what is 51 - -7025?
7076
In base 3, what is 211 - 1121220211?
-1121220000
In base 10, what is 84390 - -12?
84402
In base 4, what is -20310213 + -21?
-20310300
In base 3, what is 12102121 + -22220?
12002201
In base 2, what is 1011000000110 - -1001?
1011000001111
In base 12, what is -3 + 8a11?
8a0a
In base 9, what is -3 - 488561?
-488564
In base 16, what is 0 - -21910?
21910
In base 8, what is -31535 - -1?
-31534
In base 11, what is -1394 - -18?
-1377
In base 6, what is 43 + -11452?
-11405
In base 2, what is -111 - -10001010001100?
10001010000101
In base 15, what is -1cebb + 0?
-1cebb
In base 5, what is 13124412 + 3?
13124420
In base 3, what is 2 - 1020201212?
-1020201210
In base 11, what is -44 - -4876?
4832
In base 9, what is -4638 + -310?
-5048
In base 14, what is 65 + -d72?
-d0b
In base 2, what is 100100110100010110 + -1?
100100110100010101
In base 15, what is -57 + 285?
22d
In base 7, what is -2 + -3103450?
-3103452
In base 10, what is 256452 + 0?
256452
In base 14, what is -7918 - 7a?
-7994
In base 14, what is 28243 - 1?
28242
In base 11, what is -2a91311 + -5?
-2a91316
In base 6, what is -250021314 + -5?
-250021323
In base 12, what is 8405 - 3?
8402
In base 16, what is -17 - -83d4?
83bd
In base 12, what is -7277 - 14?
-728b
In base 10, what is 2 + -16050?
-16048
In base 9, what is -2160 + 13?
-2146
In base 15, what is -d9152 - -2?
-d9150
In base 4, what is -2031 + 133312?
131221
In base 2, what is 100 + 10101010000110?
10101010001010
In base 5, what is -12 - 34133?
-34200
In base 6, what is -11143 + -302?
-11445
In base 8, what is -23 - -6532?
6507
In base 6, what is 554523 + -4?
554515
In base 8, what is 7 + -105007?
-105000
In base 2, what is 101100011 + 11111101001101?
100000010110000
In base 3, what is 202012 + 11?
202100
In base 14, what is -da417 + -5?
-da41c
In base 9, what is 1546 - -156?
1713
In base 14, what is -370a60 + 3?
-370a5b
In base 8, what is 20 - -43014?
43034
In base 7, what is 13 - -502641?
502654
In base 16, what is -34 + -46a?
-49e
In base 3, what is -110 + 10201102?
10200222
In base 6, what is -11 - -42232?
42221
In base 13, what is 1453 - 49?
1407
In base 5, what is 12243 - 101?
12142
In base 3, what is -21220121 - -12?
-21220102
In base 14, what is -16319 + -13?
-1632c
In base 16, what is -4 - 2d750?
-2d754
In base 8, what is -5 - 15103?
-15110
In base 14, what is -1 + 172bca?
172bc9
In base 16, what is 3937 - -24?
395b
In base 13, what is -14 + -8b4?
-8c8
In base 15, what is -9 - 14e2?
-14eb
In base 14, what is 5 - 412d?
-4128
In base 9, what is -300465 + 4?
-300461
In base 6, what is -2142153 - 1?
-2142154
In base 5, what is 4 + -32102001?
-32101442
In base 9, what is 215208 - 2?
215206
In base 3, what is 10221000 - 2?
10220221
In base 10, what is 4 + -796146?
-796142
In base 14, what is 2 - 476b0?
-476ac
In base 16, what is 10dd5 + 0?
10dd5
In base 10, what is 222917 + 4?
222921
In base 10, what is 52 + 872?
924
In base 8, what is -2633270 + -1?
-2633271
In base 15, what is -3 + 9361?
935d
In base 15, what is -2 - 303?
-305
In base 6, what is -5043143 - -2?
-5043141
In base 15, what is -4654 - -9c?
-45a7
In base 14, what is -3684 + 4?
-3680
In base 6, what is 5044001 - 5?
5043552
In base 8, what is 20 - -104651?
104671
In base 7, what is -1060 + 626?
-131
In base 13, what is -a271 + -8?
-a279
In base 10, what is 5 - -806?
811
In base 16, what is b911b + -5?
b9116
In base 4, what is 1001221 + -10?
1001211
In base 12, what is -2 - 25062?
-25064
In base 13, what is 3 + 18334a?
183350
In base 3, what is -20221122 - -111021?
-20110101
In base 8, what is -52 + -30165?
-30237
In base 11, what is -3 +